5, 2*f = -5*x + 28 + 9. Let i(b) = 5 - f*b + b**2 + 2 - 3. Determine i(3).
-5
Suppose 0 = 5*j - j - 8. Let x(r) = r**3 + r**2 - 3*r + 1. Give x(j).
7
Let w(x) = -x**3 - x**2 + x + 2. Let t = 6 + -6. Calculate w(t).
2
Let u(m) = -m**2 + 3*m - 2. Let d(h) = -4*h**2 + 8*h - 7. Let r(z) = 2*d(z) - 7*u(z). Give r(-4).
4
Let p(y) = y**2 - 1. Let o be p(2). Suppose -k - 3 = o*r - 6*r, 3*k + 9 = -2*r. Let i(h) = 0 + r + h**2 - 3 - h. Determine i(0).
-3
Let w(o) = 15*o**2. Let p be ((30/12)/5)/(1/(-2)). Give w(p).
15
Let u(r) = 2*r - r**2 + 0*r**2 - r**2 + 0*r. Suppose 3*j = 8*j - 10. Give u(j).
-4
Let x(h) = h**2 - h + 5. Let a be x(0). Let c(m) = m + 2. What is c(a)?
7
Let h(c) = -1 + 4 + 5*c**2 - 6*c - c**3 + 3 - 5. Give h(4).
-7
Suppose 4*i + 4 = 2*i. Let z(j) = -2*j - 2. Let k(t) = t + 1. Let r(f) = 9*k(f) + 4*z(f). Let m be r(i). Let u(n) = -8*n + 1. Give u(m).
9
Let f(x) = -4*x + 6. Let l(r) = -3*r + 5. Let i(o) = 4*f(o) - 5*l(o). Determine i(-1).
0
Let w(k) = k**2 - k - 4. Let v = 2 - -1. Let q = 2 - -3. Suppose 0 = -2*r - 0*u + v*u + 5, -q*u - 15 = -5*r. Give w(r).
8
Suppose 0 = -13*g + 73 - 8. Let u(r) be the third derivative of -1/6*r**3 + 1/24*r**4 + 3*r**2 + 0 + 0*r + 1/60*r**g. Give u(-1).
-1
Let h(o) = -o**3 - o - 12. Let k be 2/(-9) - (-34)/153. Give h(k).
-12
Let b(i) = -5*i**2 - 10 - i**3 + 5 - 2*i**2. What is b(-7)?
-5
Let f(w) be the second derivative of 1/6*w**3 + 0 - 1/2*w**2 + 6*w. Calculate f(4).
3
Suppose -b - 8 = 3*b. Let k(h) = -h**3 - h**2 - h - 1. What is k(b)?
5
Let f be (-1 + 0)*-5*1. Suppose s - 18 = f*s + 5*r, r + 2 = 0. Let u(g) = -2 + g**2 - 2*g + 0 - 1. Determine u(s).
5
Let a(j) = 5*j. Let q be a(1). Suppose -4*z = 3*p + 13, -4*z + 5*p + 16 = q. Let b(n) = -3*n**2 + 2*n + 1. Determine b(z).
-4
Let r = -77 + 79. Let h(t) be the second derivative of -1/2*t**r + 0*t**3 + 0 + 13/12*t**4 - t. Give h(-1).
12
Let b(n) = -9*n**3 - 6*n**2 + 1 + 0 + 10*n**3 + 4*n. Give b(5).
-4
Let o(v) = -v + 12. Suppose -2*f + 37 = -4*t + 9, 2*f + t - 8 = 0. Calculate o(f).
6
Suppose -3*j = 3*g, g = -2*j + 3*j. Let o(s) = s - 30. What is o(j)?
-30
Let r(s) = -2*s**2 - 2*s**2 - 2*s - 5 + s**3 + 0*s**2. Calculate r(5).
10
Suppose 0*x = 2*x - 22. Let y(b) = 2*b - 4 - x + 6. Give y(6).
3
Suppose 0 = 4*c - 4. Suppose -6 = -5*t - c. Let u = t + -1. Let q(k) = -k**3 + k**2 - k. Calculate q(u).
0
Let n be (-2 + 1 - 3)/(-2). Let q be (n + 0)*(-20)/(-8). Let y(m) be the third derivative of -m**6/120 + m**5/15 + m**4/8 + m**3 + m**2. What is y(q)?
-4
Let n(j) = j**3 + 6*j**2 + 6*j. Let f = -21 + 17. What is n(f)?
8
Let k(g) = -g + 1. Let r(l) = -5. Let w(j) = -2*k(j) - r(j). Let f be (-1)/(-2) - 9/(-2). Suppose 5*t = 2*s - 13, s = f*t + 10 + 4. Calculate w(t).
-3
Let j(l) = -l**3 + l**2 - l + 2. Let z be (6/(-4))/(15/(-100)). Let n = -10 + z. Calculate j(n).
2
Let n(a) = -a**3 - 4*a**2 + 4*a. Let s(h) = h**3 - 3*h**2 - 5*h - 1. Let o be s(4). What is n(o)?
5
Let h(o) = -o**2 + 5*o + 3. Let w be h(6). Let d(n) = -n + 1. Determine d(w).
4
Let r(g) = g**3 - 8*g**2 + 9*g - 9. Let k be r(7). Let d(u) = u**2 - 6*u. What is d(k)?
-5
Let g(f) = f**2 + 6*f - 7. Let r(v) be the first derivative of -v**2/2 + v - 6. Let p be r(8). Determine g(p).
0
Let p = 15 + -9. Let f be 1/(1/p*3). Let i(z) = 0*z**2 + 0*z + 2 + z + 0*z**2 - z**f. What is i(-3)?
-10
Let j(v) be the third derivative of v**6/120 + v**5/10 + 7*v**3/6 + v**2. Suppose -3*y = y - 4. Suppose p = -5 - y. Calculate j(p).
7
Let s(f) be the second derivative of 1/2*f**2 + 1/6*f**3 + 0 - 6*f. Determine s(4).
5
Let v(o) = -o**3 + 3*o**2 + 3*o + 4. Let z be (-18)/(-8) + 15/20. Determine v(z).
13
Let v be (-12)/(-42) - 46/14. Let b(o) = o**2 - 2*o - 3. What is b(v)?
12
Let h be (-7)/(14/(-12)) + 0. Let p = 6 - h. Let y(s) = -s**3 - s + 3. Calculate y(p).
3
Let p(a) be the third derivative of a**4/24 - 10*a**2. What is p(2)?
2
Let q(o) be the second derivative of o**6/720 + o**5/20 - o**4/12 + 3*o. Let p(a) be the third derivative of q(a). Give p(0).
6
Let u(d) = 4*d + 15 - 3*d - 10. Let t be (-3)/(-2 + -1) + 3. Suppose 6*h - 4*h + 4 = t*l, 4*l + 10 = -5*h. Calculate u(l).
5
Suppose 2*b + q = 1, -3*b + 4*q - 3 = q. Let k(g) = -3 - g**2 + 1 + 0*g - 1 - g. Give k(b).
-3
Suppose 0 = -m + 4*m - 45. Let r be (9/15)/((-3)/m). Let p = 5 + r. Let y(x) = 3*x. Give y(p).
6
Let r(h) be the first derivative of h**3/3 - 5*h**2/2 - 5*h + 3. Let g be r(5). Let n(w) be the first derivative of w**2/2 + 6*w - 3. Give n(g).
1
Suppose 0*p + 5 = p. Suppose 0 = -3*w + 3*r + 15, -r + 3*r + 22 = p*w. Let u(b) = -b**2 + 5*b - 4. Give u(w).
0
Let s(f) = 2*f - 7. Let t be s(5). Let i(x) = x + t + x**2 - 2*x**3 - 5*x + 3*x**2 - 1. What is i(2)?
-6
Let p(t) = t**3 - 6*t**2 - 7. Let w be p(6). Let b = w - -5. Let j(l) = l**3 + 4*l**2 + l - 1. Give j(b).
5
Let f(s) = 3*s**3 - 3*s**2. Let q be f(2). Suppose 2*d = 5*d + q. Let j(y) = -y**3 - 4*y**2 - 2*y. Calculate j(d).
8
Let j(c) = c**3 + 8*c**2 - 10*c - 8. Let y be j(-9). Let i(l) = 5 - l**2 - 4 + y - l. What is i(-2)?
0
Let k(g) be the second derivative of g**3/2 - g**2/2 + 33*g. Determine k(-4).
-13
Suppose 4*j = -2*m - 48 + 12, -5*j - 42 = m. Let p = j + 5. Let w(x) = -x - 1. What is w(p)?
2
Let t(d) = d - 3. Let x = -1 + 4. Suppose 4*w + 5*u = -8, -5*u = -2*w - x*u - 22. Let s = 11 + w. What is t(s)?
1
Let u(f) be the first derivative of f**4/24 + f**2 - 3. Let b(v) be the second derivative of u(v). What is b(3)?
3
Let n = 42 + -48. Let f(v) = -v**3 - 7*v**2 - 4*v + 6. Calculate f(n).
-6
Suppose 0 = -4*a + 4*p + 30 - 6, 9 = -3*p. Suppose 0 = -a*m - 5 - 4. Let o(z) = z. What is o(m)?
-3
Let s(z) = -2 + 0 + 2*z**3 - 8*z**2 + 4*z + 5*z**2. Calculate s(2).
10
Let j(z) be the first derivative of -z**2/2 - 6*z - 28. What is j(-8)?
2
Let d = 133 + -129. Let w(i) be the third derivative of 0 + 0*i + 1/8*i**d + 1/6*i**3 + 2*i**2. Calculate w(-2).
-5
Let x(j) be the first derivative of j**3/3 - j - 5. Give x(-2).
3
Let u = 26 + -30. Let r(v) = -v**3 - 5*v**2 - 2*v - 6. What is r(u)?
-14
Let f be ((-140)/(-15))/(4/6). Let o(l) = -14 + f + l. What is o(-3)?
-3
Let t(j) = -j**2 + 7*j - 4. Let c be t(3). Let q(z) = 0*z - 3 + z + c. Give q(-4).
1
Let h(c) be the second derivative of c**4/12 + c**3/3 - 37*c. What is h(-2)?
0
Let b = -8 + 7. Let o be 1 + b + (-16)/(-8). Let s(k) = -4*k**3 + 3*k**2 - k - 2. Let u(h) = 5*h**3 - 3*h**2 + h + 3. Let j(v) = 3*s(v) + 2*u(v). Give j(o).
-6
Let d(w) = -w**3 + 6*w**2 - 7*w - 2. Let r be 27/5 + 16/(-40). What is d(r)?
-12
Let t = -2 + 43. Suppose 11 - t = 6*i. Let a(h) be the first derivative of -h**3/3 - 3*h**2 - h + 1. Determine a(i).
4
Let w(s) = -s**3 - 6*s**2 - 6*s - 4. Let o = -38 + 33. Calculate w(o).
1
Let r(y) = y**3 + 6*y**2 + 1. Let p(a) = -a**3 - a**2 - 1. Suppose 4 = 3*s - s. Let l(b) = s*p(b) + r(b). Give l(4).
-1
Suppose 4*d = h + 4*h - 45, -2*h - 3*d - 5 = 0. Let r(x) be the first derivative of -1 + 1/2*x**2 + h*x. Calculate r(0).
5
Let m(u) = u**3 + 4*u**2 - 3*u + 5. Let q(y) = -5*y - 8. Let v be q(-6). Let p be (-6)/(-12) - v/4. Let b(x) = x**2 + 6*x. Let l be b(p). Calculate m(l).
-5
Let z(j) = j**2 + 40*j + 5. Let o be z(0). Let f(k) be the second derivative of k**5/20 - 5*k**4/12 + k. Give f(o).
0
Let n(u) = -u**3 - u**2 + u - 1. Let i(x) = 2*x**3 + 16*x**2 - 15*x + 12. Let j(h) = -i(h) - 3*n(h). What is j(12)?
-9
Suppose 3*n = -4*g, -4*n + 5*g + 5 + 26 = 0. Let t(f) be the third derivative of f**5/60 - 5*f**4/24 - f**3/2 + f**2. Calculate t(n).
-7
Suppose -2*w = 5*y - 31, -4*w = w - 5*y - 25. Suppose 4*n = w + 4. Let z(c) = -3*c**3 + 9*c**n + c**3. Determine z(-1).
-7
Let i be ((-18)/8)/(39/(-104)). Let d(v) = v**2 - 8*v + 7. Let x be d(i). Let c(o) = o**2 + 5*o - 6. Calculate c(x).
-6
Let s = -17 - -12. Let z = s + 3. Let q(n) = 4*n - 1. Determine q(z).
-9
Let y(o) = -o**3 + 2*o**2 - 4*o + 3. Let h(t) = t**2 + t - 3. Let f be h(-3). Suppose -3*d + 12 = -f*m, 5 = -4*m + 3*d - 7. Suppose v + 0 - 2 = m. Give y(v).
-5
Let h(l) = -l - 3. Let m be h(-6). Suppose u - m*t + 9 = -t, -4*u - 5*t = -16. Let o(n) = -7*n - 4 + 3 + 0. Give o(u).
6
Let d(j) = j**3 + 3*j**2 - 7*j - 6. Let r = 4 + -2. Suppose -3*v + r*v - 3*p + 5 = 0, -2*p = -2*v - 14. Calculate d(v).
6
Let y(v) = -2*v**3 - v**2 + v - 1. Let o be y(1). Let p(c) = c**2 + 2*c - 2. Determ